{"id":1131,"date":"2025-12-12T08:10:23","date_gmt":"2025-12-12T07:10:23","guid":{"rendered":"https:\/\/sosi.expert\/?page_id=1131"},"modified":"2026-01-28T12:24:59","modified_gmt":"2026-01-28T11:24:59","slug":"un-grand-pouvoir-implique-de-grandes-responsabilites","status":"publish","type":"page","link":"https:\/\/sosi.expert\/index.php\/a-propos\/papillon-perdu-en-pensee\/un-grand-pouvoir-implique-de-grandes-responsabilites\/","title":{"rendered":"Un Grand Pouvoir implique de Grandes Responsabilit\u00e9s"},"content":{"rendered":"<p class=\"p1\">Lorsque nous sommes <a title=\"L\u2019Interop\u00e9rabilit\u00e9 Gauloise\" href=\"https:\/\/sosi.expert\/index.php\/2025\/10\/01\/linteroperabilite-gauloise\/\" target=\"_blank\" rel=\"noopener\" class=\"sosi\">recrut\u00e9s dans une entreprise<\/a>, le risque d&rsquo;\u00eatre, dans cet ordre, flatt\u00e9, ignor\u00e9 avant d\u2019\u00eatre brocard\u00e9, harcel\u00e9, abus\u00e9, honteusement diffam\u00e9, et, enfin, l\u00e2chement provoqu\u00e9, est malheureusement loin d\u2019\u00eatre nul.<\/p>\n<p class=\"p1\"><a title=\"Une semaine dans le manoir de l\u2019entreprise hant\u00e9e\" href=\"https:\/\/sosi.expert\/index.php\/2025\/12\/07\/une-semaine-dans-le-manoir-de-lentreprise-hantee\/\" target=\"_blank\" rel=\"noopener\" class=\"sosi\">Ce sch\u00e9ma se produit trop souvent<\/a> avec une tendance \u00e0 d\u00e9truire les personnalit\u00e9s les plus volontaires, mais manquant d\u2019exp\u00e9rience, sous contraintes personnelles ou autres fragilit\u00e9s.<br \/>\nLorsque les victimes sont l\u00e9gion et se succ\u00e8dent irr\u00e9m\u00e9diablement dans le temps, la toxicit\u00e9 de l\u2019entreprise est indiscutable.<\/p>\n<p class=\"p1\">Surtout, lorsque <a title=\"Pas d\u2019embrouille en trompe-l\u2019\u0153il\" href=\"https:\/\/sosi.expert\/index.php\/2025\/12\/01\/pas-dembrouille-en-trompe-loeil\/\" target=\"_blank\" rel=\"noopener\" class=\"sosi\">les apparences ont plus d\u2019importances que les valeurs fondamentalement Humaines<\/a>, <a title=\"La psychologie du \u00ab Chiffre \u00bb\" href=\"https:\/\/sosi.expert\/index.php\/2025\/07\/07\/la-psychologie-du-chiffre\/\" target=\"_blank\" rel=\"noopener\" class=\"sosi\">les d\u00e9rives deviennent intol\u00e9rables<\/a>, nuisant \u00e0 notre raison d\u2019\u00eatre.<\/p>\n<p class=\"p1\">Nous avons toutes et tous des obligations envers autrui, y compris les soi-disant plus petits d\u2019entre nous.<br \/>\nCes derniers devraient toujours \u00eatre consult\u00e9s en premier lieu, histoire que nous gardions toutes et tous les pieds sur Terre.<br \/>\n<a title=\"Le Syndrome du Titanic\" href=\"https:\/\/sosi.expert\/index.php\/2025\/12\/03\/le-syndrome-du-titanic\/\" target=\"_blank\" rel=\"noopener\" class=\"sosi\">Les responsabilit\u00e9s ont tendance \u00e0 donner trop d\u2019importance \u00e0 celles et ceux qui en sont pourvues<\/a>, d\u00e9nigrant celles et ceux appel\u00e9s alors de fa\u00e7on m\u00e9prisable <a title=\"Lorsque les entreprises abusent de leur pouvoir\" href=\"https:\/\/sosi.expert\/index.php\/a-propos\/le-papillon-perdu-dans-ses-pensees\/lorsque-les-entreprises-abusent-de-leur-pouvoir\/\" target=\"_blank\" rel=\"noopener\" class=\"sosi\">\u00ab petites mains \u00bb<\/a>.<\/p>\n<p class=\"p1\">Mettre en avant des valeurs telles que <a title=\"Les V\u00e9rif\u2019 S\u00e9gurs\" href=\"https:\/\/sosi.expert\/index.php\/a-propos\/les-verifsegurs\/\" target=\"_blank\" rel=\"noopener\" class=\"sosi\">l\u2019esprit d\u2019\u00e9quipe<\/a>, du <a title=\"En informatique, l\u2019abus de lessive nuit gravement \u00e0 la Sant\u00e9\" href=\"https:\/\/sosi.expert\/index.php\/2025\/10\/01\/en-informatique-labus-de-lessive-nuit-gravement-a-la-sante\/\" target=\"_blank\" rel=\"noopener\" class=\"sosi\">collectif<\/a>, la solidarit\u00e9, la tol\u00e9rance, l&rsquo;entraide, <a title=\"Article matinal pour se remonter le moral\" href=\"https:\/\/sosi.expert\/index.php\/2025\/09\/01\/article-matinal-pour-remonter-le-moral\/\" target=\"_blank\" rel=\"noopener\" class=\"sosi\">l&rsquo;Humour<\/a>, et <a title=\"Lorsque la pr\u00e9cision \u00ab chirurgicale \u00bb des faits met en \u00e9vidence une dynamique manag\u00e9riale passive\/agressive\" href=\"https:\/\/sosi.expert\/index.php\/a-propos\/le-papillon-perdu-dans-ses-pensees\/les-entreprises-bisounours-lorsque-la-precision-chirurgicale-des-faits-met-en-evidence-une-dynamique-manageriale-passive-agressive\/\/\" target=\"_blank\" rel=\"noopener\" class=\"sosi\">la vraie bienveillance sous toutes ses formes<\/a>, n&rsquo;y est absolument pas admis par celles et ceux qui y sont avides de pouvoir.<br \/>\nAgir de la sorte se fera <a title=\"The western is East again\" href=\"https:\/\/sosi.expert\/index.php\/2025\/12\/14\/the-western-is-east-again\/\" target=\"_blank\" rel=\"noopener\" class=\"sosi\">\u00e0 nos risques et p\u00e9rils<\/a>.<\/p>\n<p class=\"p1\">Mais devant <a title=\"M\u00e9mo r\u00e9f\u00e9rence sur la discrimination au Travail\" href=\"https:\/\/sosi.expert\/index.php\/a-propos\/supports-pedagogiques\/memo-reference-sur-la-discrimination-au-travail\/\" target=\"_blank\" rel=\"noopener\" class=\"sosi\">tant d\u2019injustices<\/a>, <a title=\"Lorsque les entreprises toxiques en prennent pour leur grade\" href=\"https:\/\/sosi.expert\/index.php\/a-propos\/le-papillon-perdu-dans-ses-pensees\/lorsque-les-entreprises-toxiques-en-prennent-pour-leur-grade\/\" target=\"_blank\" rel=\"noopener\" class=\"sosi\">faire face<\/a> reste n\u00e9cessaire.<\/p>\n<p class=\"p1\"><em>Qui peut se permettre de penser que nous pouvons vivre sans respecter les Lois en vigueur ?<\/em><\/p>\n<p class=\"p1\">Jamais agr\u00e9ables, ces situations o\u00f9 <a title=\"Supports p\u00e9dagogiques\" href=\"https:\/\/sosi.expert\/index.php\/a-propos\/supports-pedagogiques\/\" target=\"_blank\" rel=\"noopener\" class=\"sosi\">le rappel des r\u00e8gles de base du savoir-vivre en soci\u00e9t\u00e9 <\/a> s\u2019impose, <a title=\"\u00catre au septi\u00e8me ciel\" href=\"https:\/\/sosi.expert\/index.php\/a-propos\/le-papillon-perdu-dans-ses-pensees\/etre-au-septieme-ciel\/\" target=\"_blank\" rel=\"noopener\" class=\"sosi\">risquent de mettre un certain nombre d\u2019entre nous dans l\u2019embarras<\/a>.<\/p>\n<p class=\"p1\">Face \u00e0 l\u2019adversit\u00e9, notre v\u00e9ritable m\u00e9rite sera de <a title=\"Petit moment de litt\u00e9rature\" href=\"https:\/\/sosi.expert\/index.php\/a-propos\/le-papillon-perdu-dans-ses-pensees\/petit-moment-de-litterature\/\" target=\"_blank\" rel=\"noopener\" class=\"sosi\">conserver un minimum de lucidit\u00e9<\/a>.<br \/>\n<a title=\"Charte de confidentialit\u00e9\" href=\"https:\/\/sosi.expert\/index.php\/a-propos\/charte-de-confidentialite\/\" target=\"_blank\" rel=\"noopener\" class=\"sosi\">Rester rigoureux<\/a> en nous appuyant, <a title=\"Cyber, La patte des Experts\" href=\"https:\/\/sosi.expert\/index.php\/a-propos\/le-papillon-perdu-dans-ses-pensees\/cyber-la-patte-des-experts\/\" target=\"_blank\" rel=\"noopener\" class=\"sosi\">dans notre domaine<\/a>, sur <a title=\"Publications de SOSi\" href=\"https:\/\/sosi.expert\/index.php\/2025\/04\/08\/publications-de-sosi\/\" target=\"_blank\" rel=\"noopener\" class=\"sosi\">nos solides comp\u00e9tences de base<\/a>.<br \/>\nCes fondamentaux n\u2019ont pas de prix, ils nous ont permis de <a title=\"Publications\" href=\"https:\/\/sosi.expert\/index.php\/a-propos\/supports-pedagogiques\/publications\/\" target=\"_blank\" rel=\"noopener\" class=\"sosi\">comprendre le v\u00e9ritable labeur<\/a>.<\/p>\n<p class=\"p1\"><a title=\"Que fait \u00ab Malotru \u00bb dans son bureau ?\" href=\"https:\/\/sosi.expert\/index.php\/a-propos\/le-papillon-perdu-dans-ses-pensees\/que-fait-malotru-dans-son-bureau\/\" target=\"_blank\" rel=\"noopener\" class=\"sosi\">L\u2019\u00e9criture, le bon sens, la simplicit\u00e9, rien de mieux.<\/a><\/p>\n<p class=\"p1\"><a title=\"L\u2019exp\u00e9rience des \u00c9checs\" href=\"https:\/\/sosi.expert\/index.php\/2025\/11\/07\/lexperience-des-echecs\/\" target=\"_blank\" rel=\"noopener\" class=\"sosi\">Ne perdons pas notre temps<\/a>, prot\u00e9geons-nous en premier lieu, <a title=\"SOS \u00ab\u00a0Bo\u00eete Fant\u00f4me\u00a0\u00bb\" href=\"https:\/\/sosi.expert\/index.php\/2025\/11\/30\/sos-boite-fantome\/\" target=\"_blank\" rel=\"noopener\" class=\"sosi\">conservons toutes traces sur le moment<\/a>, car elles risqueraient de dispara\u00eetre.<br \/>\nN&rsquo;attaquons jamais, <a title=\"Urbanisation &amp; Interop\u00e9rabilit\u00e9\" href=\"https:\/\/sosi.expert\/index.php\/a-propos\/supports-pedagogiques\/urbanisation-interoperabilite\/\" target=\"_blank\" rel=\"noopener\" class=\"sosi\">gardons nos id\u00e9es claires<\/a>, et attendons que les coupables d\u00e9voilent d&rsquo;eux-m\u00eames <a title=\"Lorsque l\u2019incoh\u00e9rence des faits met en \u00e9vidence le Mensonge\" href=\"https:\/\/sosi.expert\/index.php\/a-propos\/le-papillon-perdu-dans-ses-pensees\/lorsque-lincoherence-des-faits-met-en-evidence-le-mensonge\/\" target=\"_blank\" rel=\"noopener\" class=\"sosi\">leurs pervers stratag\u00e8mes<\/a>.<br \/>\nN&rsquo;adoptons jamais le r\u00f4le du sauveur.<br \/>\nContentons nous de celui de d\u00e9fenseur de nos plus belles valeurs.<br \/>\nConfondre ces postures est souvent un tr\u00e8s bon r\u00e9v\u00e9lateur de l&rsquo;\u00e9tat d&rsquo;esprit de celle et celui faisant ce <a title=\"Mentez Nous !\" href=\"https:\/\/sosi.expert\/index.php\/a-propos\/le-papillon-perdu-dans-ses-pensees\/mentez-nous\/\" target=\"_blank\" rel=\"noopener\" class=\"sosi\">lapsus<\/a>.<\/p>\n<p class=\"p1\">Surtout, <a title=\"Bienvenue chez les Psys !\" href=\"https:\/\/sosi.expert\/index.php\/2025\/12\/03\/bienvenue-chez-les-psys\/\" target=\"_blank\" rel=\"noopener\" class=\"sosi\">ne nous isolons jamais<\/a>, et ne faisons pleinement confiance qu\u2019en celles et <a title=\"Lorsque la m\u00e9duse finit par se figer.\" href=\"https:\/\/sosi.expert\/index.php\/2025\/09\/15\/lorsque-la-meduse-finit-par-se-figer\/\" target=\"_blank\" rel=\"noopener\" class=\"sosi\">ceux n\u2019ayant aucun int\u00e9r\u00eat particulier dans notre conflit<\/a>, qui, tout du long, soutiennent, s\u2019inqui\u00e8tent, <a title=\"Contact\" href=\"https:\/\/sosi.expert\/index.php\/a-propos\/contact\/\" target=\"_blank\" rel=\"noopener\" class=\"sosi\">prennent nouvelles<\/a>.<\/p>\n<p class=\"p1\">Dans ces conditions, nous aurons v\u00e9ritablement un Grand Pouvoir.<br \/>\nEn retour, n\u2019oublions personne parmi celles et ceux qui nous ont \u00e9t\u00e9 d\u2019une si Grande Aide.<br \/>\n<a title=\"Meilleurs V\u0153ux pour 2025 !\" href=\"https:\/\/sosi.expert\/index.php\/2025\/01\/01\/voeux-pour-2025\/\" target=\"_blank\" rel=\"noopener\" class=\"sosi\">Les valoriser deviendra Notre Responsabilit\u00e9<\/a> \ud83d\udc9a<\/p>\n<p><strong>R\u00e9f\u00e9rences Wikip\u00e9dia<\/strong><\/p>\n<ul>\n<li>Cin\u00e9ma \u27a1\ufe0f <a title=\"Spider-Man (s\u00e9rie de films)\" href=\"https:\/\/fr.wikipedia.org\/wiki\/Spider-Man_(s%C3%A9rie_de_films)\" target=\"_blank\" rel=\"noopener\" class=\"wikipedia\">Spider-man<\/a><\/li>\n<li>Figure de style \u27a1\ufe0f <a title=\"M\u00e9taphore fil\u00e9e\" href=\"https:\/\/fr.wikipedia.org\/wiki\/M%C3%A9taphore_fil%C3%A9e\" target=\"_blank\" rel=\"noopener\" class=\"wikipedia\">M\u00e9taphore fil\u00e9e<\/a><\/li>\n<\/ul>\n<figure style=\"width: 350px\" class=\"wp-caption aligncenter\"><a href=\"https:\/\/sosi.expert\/index.php\/2025\/12\/07\/une-semaine-dans-le-manoir-de-lentreprise-hantee\/\"><img loading=\"lazy\" decoding=\"async\" src=\"https:\/\/sosi.expert\/wp-content\/uploads\/2025\/12\/Araignee-vs-Mouche.jpg\" alt=\"Beetween\" width=\"350\" height=\"340\" \/><\/a><figcaption class=\"wp-caption-text\">Citation r\u00e9f\u00e9rence<\/figcaption><\/figure>\n","protected":false},"excerpt":{"rendered":"<p>Lorsque nous sommes recrut\u00e9s dans une entreprise, le risque d&rsquo;\u00eatre, dans cet ordre, flatt\u00e9, ignor\u00e9 avant d\u2019\u00eatre brocard\u00e9, harcel\u00e9, abus\u00e9, honteusement diffam\u00e9, et, enfin, l\u00e2chement provoqu\u00e9, est malheureusement loin d\u2019\u00eatre nul. Ce sch\u00e9ma se produit trop souvent avec une tendance \u00e0 d\u00e9truire les personnalit\u00e9s les plus volontaires, mais manquant d\u2019exp\u00e9rience, sous contraintes personnelles ou autres &hellip; <a href=\"https:\/\/sosi.expert\/index.php\/a-propos\/papillon-perdu-en-pensee\/un-grand-pouvoir-implique-de-grandes-responsabilites\/\" class=\"more-link\">Continuer la lecture<span class=\"screen-reader-text\"> de &laquo;&nbsp;Un Grand Pouvoir implique de Grandes Responsabilit\u00e9s&nbsp;&raquo;<\/span><\/a><\/p>\n","protected":false},"author":2,"featured_media":1132,"parent":542,"menu_order":0,"comment_status":"closed","ping_status":"closed","template":"","meta":{"_uag_custom_page_level_css":"","_monsterinsights_skip_tracking":false,"_monsterinsights_sitenote_active":false,"_monsterinsights_sitenote_note":"","_monsterinsights_sitenote_category":0,"footnotes":""},"class_list":["post-1131","page","type-page","status-publish","has-post-thumbnail","hentry"],"aioseo_notices":[],"uagb_featured_image_src":{"full":["https:\/\/sosi.expert\/wp-content\/uploads\/2025\/12\/Araignee.png",1920,1080,false],"thumbnail":["https:\/\/sosi.expert\/wp-content\/uploads\/2025\/12\/Araignee-150x150.png",150,150,true],"medium":["https:\/\/sosi.expert\/wp-content\/uploads\/2025\/12\/Araignee-300x169.png",300,169,true],"medium_large":["https:\/\/sosi.expert\/wp-content\/uploads\/2025\/12\/Araignee-768x432.png",768,432,true],"large":["https:\/\/sosi.expert\/wp-content\/uploads\/2025\/12\/Araignee-1024x576.png",840,473,true],"1536x1536":["https:\/\/sosi.expert\/wp-content\/uploads\/2025\/12\/Araignee-1536x864.png",1536,864,true],"2048x2048":["https:\/\/sosi.expert\/wp-content\/uploads\/2025\/12\/Araignee.png",1920,1080,false],"post-thumbnail":["https:\/\/sosi.expert\/wp-content\/uploads\/2025\/12\/Araignee-1200x675.png",1200,675,true]},"uagb_author_info":{"display_name":"Patrick Millan","author_link":"https:\/\/sosi.expert\/index.php\/author\/patrick-millan\/"},"uagb_comment_info":0,"uagb_excerpt":"Lorsque nous sommes recrut\u00e9s dans une entreprise, le risque d&rsquo;\u00eatre, dans cet ordre, flatt\u00e9, ignor\u00e9 avant d\u2019\u00eatre brocard\u00e9, harcel\u00e9, abus\u00e9, honteusement diffam\u00e9, et, enfin, l\u00e2chement provoqu\u00e9, est malheureusement loin d\u2019\u00eatre nul. Ce sch\u00e9ma se produit trop souvent avec une tendance \u00e0 d\u00e9truire les personnalit\u00e9s les plus volontaires, mais manquant d\u2019exp\u00e9rience, sous contraintes personnelles ou autres\u2026","_links":{"self":[{"href":"https:\/\/sosi.expert\/index.php\/wp-json\/wp\/v2\/pages\/1131","targetHints":{"allow":["GET"]}}],"collection":[{"href":"https:\/\/sosi.expert\/index.php\/wp-json\/wp\/v2\/pages"}],"about":[{"href":"https:\/\/sosi.expert\/index.php\/wp-json\/wp\/v2\/types\/page"}],"author":[{"embeddable":true,"href":"https:\/\/sosi.expert\/index.php\/wp-json\/wp\/v2\/users\/2"}],"replies":[{"embeddable":true,"href":"https:\/\/sosi.expert\/index.php\/wp-json\/wp\/v2\/comments?post=1131"}],"version-history":[{"count":22,"href":"https:\/\/sosi.expert\/index.php\/wp-json\/wp\/v2\/pages\/1131\/revisions"}],"predecessor-version":[{"id":1852,"href":"https:\/\/sosi.expert\/index.php\/wp-json\/wp\/v2\/pages\/1131\/revisions\/1852"}],"up":[{"embeddable":true,"href":"https:\/\/sosi.expert\/index.php\/wp-json\/wp\/v2\/pages\/542"}],"wp:featuredmedia":[{"embeddable":true,"href":"https:\/\/sosi.expert\/index.php\/wp-json\/wp\/v2\/media\/1132"}],"wp:attachment":[{"href":"https:\/\/sosi.expert\/index.php\/wp-json\/wp\/v2\/media?parent=1131"}],"curies":[{"name":"wp","href":"https:\/\/api.w.org\/{rel}","templated":true}]}}