{"id":571,"date":"2025-07-21T12:29:37","date_gmt":"2025-07-21T10:29:37","guid":{"rendered":"https:\/\/sosi.expert\/?page_id=571"},"modified":"2026-01-28T12:25:45","modified_gmt":"2026-01-28T11:25:45","slug":"lhyperlaxie-avantages-et-faiblesses-physiques","status":"publish","type":"page","link":"https:\/\/sosi.expert\/index.php\/a-propos\/papillon-perdu-en-pensee\/lhyperlaxie-avantages-et-faiblesses-physiques\/","title":{"rendered":"L&rsquo;hyperlaxie, avantages et faiblesses physiques"},"content":{"rendered":"<p><a title=\"Hyperlaxit\u00e9\" href=\"https:\/\/fr.wikipedia.org\/wiki\/Hyperlaxit%C3%A9\" target=\"_blank\" rel=\"noopener\" class=\"wikipedia\">L&rsquo;hyperlaxie<\/a> est une caract\u00e9ristique physique g\u00e9n\u00e9tique, donc plus ou moins h\u00e9r\u00e9ditaire car pouvant sauter une ou plusieurs g\u00e9n\u00e9rations et\/ou se manifester chez une personne par le simple fait de <em>\u00ab\u00a0croisements\u00a0\u00bb<\/em> d&rsquo;<a title=\"All\u00e8le\" href=\"https:\/\/fr.wikipedia.org\/wiki\/All%C3%A8le\" target=\"_blank\" rel=\"noopener\" class=\"wikipedia\">all\u00e8les<\/a> maternels et paternels, plus rarement suite \u00e0 une ou plusieurs mutations.<\/p>\n<p>Les hyperlaxes sont en tr\u00e8s grande majorit\u00e9 comme nous toutes et tous.<br \/>\nLeurs besoins primaires ou vitaux sont les m\u00eames : respirer, boire, manger, \u00e9liminer, se prot\u00e9ger du froid et de la chaleur, \u00eatre en s\u00e9curit\u00e9, dormir.<br \/>\nCependant, leurs articulations sont, par d\u00e9finition, extr\u00eamement souples sur tout ou partie du corps.<\/p>\n<p>Ne souffrez pas pour la main en illustration de cette page, son <em>\u00ab\u00a0propri\u00e9taire\u00a0\u00bb<\/em> ne ressent rien.<\/p>\n<p>Lorsque la mode des Cirques, en particulier itin\u00e9rants, \u00e9tait \u00e0 son apog\u00e9e, ces hyperlaxes effectuaient des repr\u00e9sentations de contorsionnisme ou de magie.<\/p>\n<p><em>Ah ! Le tour de la grande \u00e9vasion d&rsquo;une caisse scell\u00e9e \u00e0 double tour, les mains menott\u00e9es &#8230;<\/em><\/p>\n<p>Au passage, respect pour ces gens du voyage qui nous \u00e9merveillent encore par leur m\u00e9rite et nous font r\u00eaver comme si nous \u00e9tions toujours en enfance.<\/p>\n<p>&nbsp;<\/p>\n<p><strong>Les avantages de cette particularit\u00e9 sont relatifs.<\/strong><\/p>\n<ul>\n<li>La torsion des chevilles doit \u00eatre importante pour que la douleur se fasse ressentir, de m\u00eame pour les \u00e9paules et bien \u00e9videmment les mains. Les arrachements ligamentaires sont donc rares, contrairement au d\u00e9chirement des tissus entourant ces articulations avec <a title=\"Synovite\" href=\"https:\/\/fr.wikipedia.org\/wiki\/Synovite\" target=\"_blank\" rel=\"noopener\" class=\"wikipedia\">\u00e9panchement synovial (ou synovite)<\/a>, n\u00e9cessitant notamment l&rsquo;application de pommades anti-inflammatoires et une immobilisation temporaire de l&rsquo;articulation en question.<\/li>\n<li>Les entorses costales sont douloureuses en cas de non retour \u00e0 l\u2019\u00e9tat initial au niveau du sternum, allant jusqu&rsquo;\u00e0 pouvoir <em>\u00ab\u00a0perforer\u00a0\u00bb<\/em> des alv\u00e9oles pulmonaires, provoquant au passage un <span class=\"BxUVEf ILfuVd\" lang=\"fr\"><span class=\"hgKElc\"><a title=\"Pneumom\u00e9diastin\" href=\"https:\/\/fr.wikipedia.org\/wiki\/Pneumom%C3%A9diastin\" target=\"_blank\" rel=\"noopener\" class=\"wikipedia\">pneumom\u00e9diastin<\/a> (parfois d&rsquo;effort, lorsque le gainage graisseux des poumons est mince). Les cons\u00e9quences sont proches d&rsquo;un <a title=\"Pneumothorax\" href=\"https:\/\/fr.wikipedia.org\/wiki\/Pneumothorax\" target=\"_blank\" rel=\"noopener\" class=\"wikipedia\">pneumothorax<\/a> avec une perte significative de la capacit\u00e9 pulmonaire via un r\u00e9tr\u00e9cissement du volume respiratoire, n\u00e9cessitant de drainer, en urgence, l&rsquo;air ainsi bloqu\u00e9e en enfon\u00e7ant une seringue sous la peau au niveau des <em>\u00ab\u00a0bulles\u00a0\u00bb<\/em> (ce que nous appelons l&rsquo;<a title=\"Emphys\u00e8me\" href=\"https:\/\/fr.wikipedia.org\/wiki\/Emphys%C3%A8me\" target=\"_blank\" rel=\"noopener\" class=\"wikipedia\">emphys\u00e8me<\/a>).<\/span><\/span><\/li>\n<\/ul>\n<p>Mais l&rsquo;un des principal point faible, le moins connu <span class=\"yKMVIe\" role=\"heading\" aria-level=\"1\">s\u00fbrement<\/span>, se situe au niveau de la <a title=\"M\u00e2choire\" href=\"https:\/\/fr.wikipedia.org\/wiki\/M%C3%A2choire\" target=\"_blank\" rel=\"noopener\" class=\"wikipedia\">m\u00e2choire<\/a> de par <a title=\"L\u2019hyperlaxie illustr\u00e9e\" href=\"https:\/\/sosi.expert\/index.php\/lhyperlaxie-illustree\/\" class=\"sosi\">sa mobilit\u00e9 physique importante<\/a>.<\/p>\n<p><strong>En cas de stress de forte intensit\u00e9<\/strong>, l\u2019os de la mandibule peut monter tr\u00e8s haut et entrer en contact avec le cr\u00e2ne.<\/p>\n<p>L\u00e0 o\u00f9 le commun des mortels <em>\u00ab\u00a0serre les dents\u00a0\u00bb<\/em> face \u00e0 l&rsquo;adversit\u00e9, l&rsquo;injustice, les agressions, sans grandes cons\u00e9quences physiques, chez les hyperlaxes introvertis, doux et faiblement agressifs, ce particularisme peut se retourner contre son d\u00e9tenteur ou sa d\u00e9tentrice.<\/p>\n<p>Nous sommes bien en pr\u00e9sence d&rsquo;un <a title=\"PTM\" href=\"https:\/\/www.cda-adc.ca\/fr\/oral_health\/talk\/complications\/temporomandibular_disorder\/\" target=\"_blank\" rel=\"noopener\" class=\"canard\">probl\u00e8me temporo-mandibulaire<\/a> en lien avec l&rsquo;<a title=\"Articulation temporo-mandibulaire\" href=\"https:\/\/fr.wikipedia.org\/wiki\/Articulation_temporo-mandibulaire\" target=\"_blank\" rel=\"noopener\" class=\"wikipedia\">articulation du m\u00eame nom<\/a>, mais avec un impact beaucoup plus important que la moyenne en ce qui concernent les sympt\u00f4mes ressentis.<\/p>\n<p>L\u2019effet <a title=\"Diapason\" href=\"https:\/\/fr.wikipedia.org\/wiki\/Diapason\" target=\"_blank\" rel=\"noopener\" class=\"wikipedia\">diapason<\/a> devient alors extr\u00eamement dangereux pour ses capacit\u00e9s auditives, amplifiant tous sons et murmures.<\/p>\n<p>Vous ne supporteriez pas tr\u00e8s longtemps un casque audio avec une intensit\u00e9 pouss\u00e9e au maximum.<br \/>\nLe son vous submergerait et vous agresserait litt\u00e9ralement encore plus que les conditions de stress initiales.<br \/>\nVous vous en trouveriez sonn\u00e9, vuln\u00e9rable \u00e0 votre environnement.<br \/>\nParfois m\u00eame KO durant de longues minutes.<br \/>\nVotre \u00e9quilibre deviendrait vacillant, l&rsquo;oreille interne \u00e9tant m\u00e9caniquement impact\u00e9e, ce qui n\u00e9cessite l&rsquo;apprentissage de techniques et l\u2019application d\u2019exercices dits de <a title=\"Qu\u2019est ce que la r\u00e9\u00e9ducation vestibulaire ?\" href=\"https:\/\/sosi.expert\/index.php\/quest-ce-que-la-reeducation-vestibulaire\/\" target=\"_blank\" rel=\"noopener\" class=\"sosi\">r\u00e9\u00e9ducation vestibulaire<\/a>.<br \/>\nVous deviendrez aussi progressivement sourd \u00e0 chaque contact prolong\u00e9 des os.<br \/>\nLe temps de r\u00e9cup\u00e9ration peut \u00eatre important entre chaque <em>\u00ab\u00a0pics\u00a0\u00bb<\/em>.<\/p>\n<p>&nbsp;<\/p>\n<p><em><strong>Vous pensez cette situation temporaire, qu&rsquo;une simple p\u00e9riode de repos suffit \u00e0 stopper le ph\u00e9nom\u00e8ne ?<\/strong><\/em><\/p>\n<p><em><strong>Erreur !<\/strong><\/em><\/p>\n<p>&nbsp;<\/p>\n<p>Plus la p\u00e9riode de stress subie est longue, plus la m\u00e2choire reste en position anormalement haute.<\/p>\n<p>En nous basant \u00e0 nouveau sur les <a title=\"Articulation temporo-mandibulaire\" href=\"https:\/\/fr.wikipedia.org\/wiki\/Articulation_temporo-mandibulaire\" target=\"_blank\" rel=\"noopener\" class=\"wikipedia\">particularit\u00e9s anatomiques de la m\u00e2choire humaine<\/a>, nous constatons que les muscles de la mandibule sont reli\u00e9s au cr\u00e2ne via des tendons attach\u00e9s aux canaux auditifs.<\/p>\n<p>Lorsque celle-ci finit par <em>\u00ab\u00a0tomber\u00a0\u00bb<\/em>, que les effets n\u00e9gatifs de l&rsquo;agression environnementale cessent sous la protection bienveillante de professionnels, l\u2019\u00e9quilibre tendon\/muscle est soudainement rompu.<\/p>\n<p>M\u00e9caniquement, irr\u00e9m\u00e9diablement, les canaux auditifs et les tympans aux extr\u00e9mit\u00e9s sont d\u00e9form\u00e9s, s\u2019enflamment inexorablement, de plus en plus, avec pour cons\u00e9quence de vous rendre sensibles aux moindres variations de pressions atmosph\u00e9riques, aux bruits secs et \u00e0 certaines fr\u00e9quences sonores.<\/p>\n<p><strong>Un autre type de crise s\u2019empare de vous.<\/strong><\/p>\n<p>Durant ces moments, le moindre bruissement vous agresse \u00e0 nouveau, et vous vous trouvez dans l\u2019incapacit\u00e9 d\u2019\u00e9mettre le moindre son de votre bouche.<\/p>\n<p>Sentant la douleur s&rsquo;intensifier en vous, face au danger, le r\u00e9flexe de fuite est naturel.<\/p>\n<p>Personne ne souhaite humainement subir un tel d\u00e9chainement atroce.<\/p>\n<p>De m\u00eame, toutes crispations amplifient ces douleurs sourdes.<\/p>\n<p>Seules les larmes soulagent.<\/p>\n<p>Elles coulent spontan\u00e9ment.<\/p>\n<p>Fermez les yeux et elles vous submergeront de l\u2019int\u00e9rieur.<\/p>\n<p><strong>Aucun traitement m\u00e9dicamenteux ne peut aider le patient \u00e0 aller mieux.<\/strong><\/p>\n<p>Les seuls recours consistent \u00e0 faire appel aux <strong>m\u00e9decines douces<\/strong>, en premier lieu la r\u00e9\u00e9ducation maxillo-faciale et la sophrologie, puis \u00e9ventuellement l&rsquo;<span class=\"BxUVEf ILfuVd\" lang=\"fr\"><span class=\"hgKElc\">acupuncture.<\/span><\/span><\/p>\n<ul>\n<li>La <a title=\"R\u00e9\u00e9ducation maxillo-faciale\" href=\"https:\/\/www.maiia.com\/masseur-kinesitherapeute\/article\/specialites-kine-on-vous-explique-tout\/kine-maxillo-faciale\" target=\"_blank\" rel=\"noopener\" class=\"canard\">r\u00e9\u00e9ducation maxillo-faciale<\/a> consiste \u00e0 appliquer certaines consignes sur les choix alimentaires, le positionnement du visage (notamment durant le sommeil), et \u00e0 suivre des s\u00e9ances de massage pour d\u00e9tendre les muscles, ne plus <em>\u00ab\u00a0tirer\u00a0\u00bb<\/em> sur leurs tendons.<\/li>\n<li>La <a title=\"Sophrologie\" href=\"https:\/\/fr.wikipedia.org\/wiki\/Sophrologie\" target=\"_blank\" rel=\"noopener\" class=\"wikipedia\">sophrologie<\/a> nous apprend \u00e0 att\u00e9nuer la douleur et \u00e0 lib\u00e9rer naturellement en nous l&rsquo;<a title=\"Endorphine\" href=\"https:\/\/fr.wikipedia.org\/wiki\/Endorphine\" target=\"_blank\" rel=\"noopener\" class=\"wikipedia\">endorphine<\/a>. La m\u00e9thode la plus efficace est <a title=\"IRTER\" href=\"https:\/\/www.sophroslous.fr\/blog\/articles\/irter-une-respiration-sophrologique-pour-vaincre-le-stress-chronique-et-restaurer-le-calme-interieur\" target=\"_blank\" rel=\"noopener\" class=\"canard\">IRTER<\/a> (En gros, suspendre p\u00e9riodiquement sa respiration et faire <em>\u00ab\u00a0ttt\u00a0\u00bb<\/em>, <em>\u00ab\u00a0ttt\u00a0\u00bb<\/em> rapidement avec sa bouche).<\/li>\n<li>L\u2019<a title=\"Acupuncture\" href=\"https:\/\/fr.wikipedia.org\/wiki\/Acupuncture\" target=\"_blank\" rel=\"noopener\" class=\"wikipedia\">acupuncture<\/a> <em>\u00ab\u00a0d\u00e9tourne\u00a0\u00bb<\/em> notre attention de la douleur en nous concentrant sur les aiguilles plant\u00e9es habilement en nous.<\/li>\n<\/ul>\n<p>Malheureusement, <strong>ces soins ne sont pas rembours\u00e9s par la s\u00e9curit\u00e9 sociale<\/strong>. Il est fortement conseill\u00e9 de contracter une tr\u00e8s bonne mutuelle compl\u00e9mentaire pour se pr\u00e9munir des risques financiers.<\/p>\n<p>Il est \u00e9galement pr\u00e9f\u00e9rable pour surmonter ces \u00e9preuves d&rsquo;\u00eatre en condition physique convenable.<\/p>\n<p>&nbsp;<\/p>\n<p><strong>Courir est le moyen le plus efficace pour \u00e9vacuer ces souffrances.<\/strong><\/p>\n<p>&nbsp;<\/p>\n<p>Les <em>\u00ab\u00a0premiers pas\u00a0\u00bb<\/em> sont \u00e9videmment h\u00e9sitants, mais \u00e0 force d&rsquo;auto-persuasion, l&rsquo;enchainement des kilom\u00e8tres est une excellente <em>\u00ab\u00a0th\u00e9rapie\u00a0\u00bb<\/em>. Les limites se font malgr\u00e9 tout ressentir, lorsque, dans l&rsquo;exc\u00e8s inverse, vos ongles de pied noircissent, finissent par tomber, et que l&rsquo;usure physique d\u00e9passe votre potentiel athl\u00e9tique de base, peu importe le niveau.<\/p>\n<p>&nbsp;<\/p>\n<p>L&rsquo;autre d\u00e9sagr\u00e9ment notable, r\u00e9side dans <strong>la m\u00e9connaissance de ce ph\u00e9nom\u00e8ne et la difficult\u00e9 pour les personnes devant poser un diagnostic<\/strong>.<\/p>\n<p>Ne parlons pas du grand public et de <a title=\"M\u00e9mo r\u00e9f\u00e9rence sur la discrimination au Travail\" href=\"https:\/\/sosi.expert\/index.php\/a-propos\/support-pedagogique\/memo-reference-sur-la-discrimination-au-travail\/\" target=\"_blank\" rel=\"noopener\" class=\"sosi\">certains individus capables de l&rsquo;assimiler \u00e0 de la pure science-fiction<\/a>.<\/p>\n<p>Des cas existent o\u00f9 le d\u00e9lai entre la manifestation initiale, malencontreusement mal interpr\u00e9t\u00e9e par les soignants observant le patient en d\u00e9tresse, et la confirmation du diagnostic d\u00e9passe 10 ans.<br \/>\nLes raisons en sont tristement simples.<\/p>\n<p>Ne percevant pas les sons que le patient est capable d\u2019entendre, l\u2019hallucination est retenue.<br \/>\nCelui-ci \u00e9tant sonn\u00e9, quoiqu\u2019un minimum lucide, le d\u00e9lire semble \u00e9vident.<br \/>\nDevinez l\u2019erreur de diagnostic qui suit et les doutes l\u2019accompagnant.<\/p>\n<p>Une interpr\u00e9tation d&rsquo;un <a title=\"Psychomotricit\u00e9\" href=\"https:\/\/fr.wikipedia.org\/wiki\/Psychomotricit%C3%A9\" target=\"_blank\" rel=\"noopener\" class=\"wikipedia\">trouble <em>\u00ab\u00a0psychomoteur\u00a0\u00bb<\/em><\/a> (ce qui correspond \u00e0 ce cas) peut s&rsquo;approcher ext\u00e9rieurement d&rsquo;un <a title=\"Psychiatrie\" href=\"https:\/\/fr.wikipedia.org\/wiki\/Psychiatrie\" target=\"_blank\" rel=\"noopener\" class=\"wikipedia\">trouble r\u00e9ellement psychiatrique<\/a>, mais n&rsquo;en est absolument pas un.<\/p>\n<p><strong>\u00c0 chacun sa sp\u00e9cialit\u00e9.<\/strong><\/p>\n<p>Ce n&rsquo;est g\u00e9n\u00e9ralement qu&rsquo;\u00e0 la seconde manifestation de forte intensit\u00e9 (si celle-ci a lieu) que le myst\u00e8re peut s&rsquo;\u00e9claircir par retour d\u2019exp\u00e9riences.<br \/>\n<strong>Le patient se retrouve alors \u00e0 nouveau d\u00e9clar\u00e9 officiellement sain d\u2019esprit, m\u00eame si, v\u00e9ritablement, nous pouvons comprendre qu&rsquo;il l&rsquo;a toujours \u00e9t\u00e9.<\/strong><\/p>\n<p>&nbsp;<\/p>\n<p>Vient aussi <strong>toute une batterie d&rsquo;examens cliniques de confirmation<\/strong>, avec l&rsquo;aide pr\u00e9cieuse de machines <em>\u00ab\u00a0froides\u00a0\u00bb<\/em> et implacables dans leurs interpr\u00e9tations.<\/p>\n<p>S&rsquo;attendre \u00e0 passer:<\/p>\n<ul>\n<li>Une longue s\u00e9ance avec la t\u00eate dans un <a title=\"Tomodensitom\u00e9trie\" href=\"https:\/\/fr.wikipedia.org\/wiki\/Tomodensitom%C3%A9trie\" target=\"_blank\" rel=\"noopener\" class=\"wikipedia\">scanner<\/a> pour obtenir une <a title=\"IRM\" href=\"https:\/\/fr.wikipedia.org\/wiki\/Imagerie_par_r%C3%A9sonance_magn%C3%A9tique\" target=\"_blank\" rel=\"noopener\" class=\"wikipedia\">IRM (Imagerie par R\u00e9sonance Magn\u00e9tique)<\/a> du cr\u00e2ne.<\/li>\n<li>Des <a title=\"Radiographie\" href=\"https:\/\/fr.wikipedia.org\/wiki\/Radiographie\" target=\"_blank\" rel=\"noopener\" class=\"wikipedia\">radios<\/a> de contr\u00f4le avec, dans l&rsquo;id\u00e9al, plusieurs clich\u00e9s montrant l&rsquo;\u00e9tat de la m\u00e2choire et de la dentition avant et apr\u00e8s la p\u00e9riode de stress de forte intensit\u00e9.<\/li>\n<li>Des examens <a title=\"ORL\" href=\"https:\/\/fr.wikipedia.org\/wiki\/Otorhinolaryngologie\" target=\"_blank\" rel=\"noopener\" class=\"wikipedia\">ORL<\/a> avec photos \u00e0 haute r\u00e9solution du visage et de toutes ses entr\u00e9es, depuis l&rsquo;ext\u00e9rieur et l&rsquo;int\u00e9rieur, \u00e9vitant ainsi toutes confusions possibles avec un \u00e9ventuel percement des tympans (dont l&rsquo;apparence est proche en premi\u00e8re analyse et hypoth\u00e8se lorsque du mat\u00e9riel moins pr\u00e9cis, plus g\u00e9n\u00e9raliste, est employ\u00e9). Mais, surtout, un <a title=\"Audiogramme\" href=\"https:\/\/fr.wikipedia.org\/wiki\/Audiogramme\" target=\"_blank\" rel=\"noopener\" class=\"wikipedia\">audiogramme<\/a> complet, toujours via du mat\u00e9riel de haute Qualit\u00e9 professionnel monitor\u00e9 par un sp\u00e9cialiste\/op\u00e9rateur expert, sur toutes les gammes de fr\u00e9quences sonores audibles, le tout accompagn\u00e9 par un compte-rendu \u00e9crit et sign\u00e9 de ce sp\u00e9cialiste, d\u00e9taillant les circonstances des examens subis, assurent la solidit\u00e9 du dossier m\u00e9dical constitu\u00e9.<\/li>\n<li>Une expertise d&rsquo;<a title=\"cclusodontie\" href=\"https:\/\/fr.wikipedia.org\/wiki\/Occlusodontie\" target=\"_blank\" rel=\"noopener\" class=\"wikipedia\">occlusodontie<\/a> fonctionnelle de la dentition\/m\u00e2choire r\u00e9alis\u00e9e par un sp\u00e9cialiste\/expert asserment\u00e9.<\/li>\n<\/ul>\n<p>&nbsp;<\/p>\n<p><strong>Le tout engendrera bien \u00e9videmment des soins dentaires co\u00fbteux<\/strong> et notamment de petites <a title=\"Greffe gingivale\" href=\"https:\/\/fr.wikipedia.org\/wiki\/Greffe_gingivale\" target=\"_blank\" rel=\"noopener\" class=\"wikipedia\">op\u00e9rations de greffe de gencive<\/a>. Leur raison est \u00e9galement simple \u00e0 comprendre. \u00c0 cause de la contraction musculaire anormalement prolong\u00e9e de la m\u00e2choire, le circulation sanguine au niveau de ces gencives a trop longtemps \u00e9t\u00e9 perturb\u00e9e, atrophiant progressivement celles-ci et d\u00e9truisant petit \u00e0 petit les fameuses <a title=\"Cellule souche\" href=\"https:\/\/fr.wikipedia.org\/wiki\/Cellule_souche\" target=\"_blank\" rel=\"noopener\" class=\"wikipedia\">cellules souches<\/a> \u00e0 l&rsquo;origine du renouvellement de ses tissus.<\/p>\n<p>Encore une fois, il vaut mieux s&rsquo;assurer au pr\u00e9alable d&rsquo;avoir contract\u00e9 une bonne mutuelle compl\u00e9mentaire en accordant une attention toute particuli\u00e8re aux taux de remboursement de ces frais dentaires. Rares sont les mutuelles d&rsquo;entreprise proposant cet avantage, car il est souvent consid\u00e9r\u00e9, \u00e0 tort, comme esth\u00e9tique.<\/p>\n<p>Or, alors que le remplacement d&rsquo;une dent par une proth\u00e8se est plut\u00f4t bien accept\u00e9 et d\u00e9crit dans les contrats, comment peut-on ne pas prendre en consid\u00e9ration un traitement plus que pr\u00e9ventif \u00e9vitant une d\u00e9pense finale nettement plus importante ?<\/p>\n<p><strong>Les s\u00e9quelles auditives sont aussi handicapantes<\/strong> via la manifestation de <a title=\"Acouph\u00e8ne\" href=\"https:\/\/fr.wikipedia.org\/wiki\/Acouph%C3%A8ne\" target=\"_blank\" rel=\"noopener\" class=\"wikipedia\">ph\u00e9nom\u00e8nes d\u2019acouph\u00e8ne<\/a>, devant alors \u00eatre comprise par le patient pour \u00eatre mieux support\u00e9e et ma\u00eetris\u00e9e.<\/p>\n<p>Un suivi m\u00e9dical global renforc\u00e9 <span class=\"BxUVEf ILfuVd\" lang=\"fr\"><span class=\"hgKElc\">est aussi mis en place<\/span><\/span> \u00e0 base d&rsquo;examens biologiques sanguins, d&rsquo;<span class=\"BxUVEf ILfuVd\" lang=\"fr\"><span class=\"hgKElc\"><a title=\"\u00c9lectrocardiographie\" href=\"https:\/\/fr.wikipedia.org\/wiki\/%C3%89lectrocardiographie\" target=\"_blank\" rel=\"noopener\" class=\"wikipedia\">\u00e9lectrocardiogrammes (ECG)<\/a>, d&rsquo;abord de routine, puis avec <a title=\"\u00c9preuve d'effort\" href=\"https:\/\/fr.wikipedia.org\/wiki\/%C3%89preuve_d%27effort\" target=\"_blank\" rel=\"noopener\" class=\"wikipedia\">\u00e9preuve d&rsquo;effort<\/a>, et enfin un <a title=\"Le score calcique coronaire par scanner\" href=\"https:\/\/excellence-imagerie.com\/expertise-le-score-calcique-coronaire-par-scanner-marqueur-du-risque-cardiovasculaire\/\" target=\"_blank\" rel=\"noopener\" class=\"canard\">scanner cardiaque avec mesure du score calcique<\/a>.<\/span><\/span><\/p>\n<p>Toucher aux oreilles (via le visage) peut \u00e9tonnamment avoir un impact sur la vue, n\u00e9cessitant des s\u00e9ances d&rsquo;<a title=\"Orthoptie\" href=\"https:\/\/fr.wikipedia.org\/wiki\/Orthoptie\" target=\"_blank\" rel=\"noopener\" class=\"wikipedia\">orthoptie<\/a> et <a title=\"Ophtalmologie\" href=\"https:\/\/fr.wikipedia.org\/wiki\/Ophtalmologie\" target=\"_blank\" rel=\"noopener\" class=\"wikipedia\">contr\u00f4les ophtalmiques<\/a> enchain\u00e9s.<\/p>\n<p>&nbsp;<\/p>\n<p><strong>La succession de tous ces soins et autres prises en charge s&rsquo;\u00e9tale bien au del\u00e0 de l&rsquo;ann\u00e9e apr\u00e8s la date de pose du bon diagnostic.<\/strong><\/p>\n<p><strong>Le respect du temps de soin du patient et de la prise en charge professionnelle des diff\u00e9rents soignants s&rsquo;impose.<\/strong><\/p>\n<p>&nbsp;<\/p>\n<p>En fin de compte, les rapports psychiatriques ne sont pertinents qu&rsquo;en cas de justification du soutien moral des psychologues et autres psychiatres attestant de l&rsquo;\u00e9tat de <em>\u00ab\u00a0choc\u00a0\u00bb<\/em> constat\u00e9 au moment des faits stressants.<\/p>\n<p>L\u2019erreur est humaine, nul n\u2019est parfait, la perfection n\u2019existant pas.<br \/>\nN&rsquo;en tenons pas rigueur aux professionnels de la Sant\u00e9 Mentale, car, apr\u00e8s tout, \u00eatre \u00e0 leur contact est la plus enrichissante des exp\u00e9riences que puisse offrir la vie.<br \/>\nLe respect et l\u2019humilit\u00e9 en d\u00e9coulent, l&rsquo;assertivit\u00e9 n\u2019en est que renforc\u00e9e.<\/p>\n<p>&nbsp;<\/p>\n<p><strong>En conclusion<\/strong>, voici une derni\u00e8re recommandation \u00e0 suivre afin d&rsquo;am\u00e9liorer la prise en charge par le personnel soignant, et surtout le parcours du patient, dans le cadre non seulement du cas complexe d\u00e9crit dans cet article, mais en g\u00e9n\u00e9ral et, normalement, pour toutes pathologies:<\/p>\n<p><strong>Activer (si ce n&rsquo;est d\u00e9j\u00e0 fait) et compl\u00e9ter, le service en ligne national <a title=\"Mon Espace Sant\u00e9\" href=\"https:\/\/www.monespacesante.fr\/\" target=\"_blank\" rel=\"noopener\" class=\"loi\">Mon Espace Sant\u00e9<\/a>.<\/strong><\/p>\n<p>Ce service est r\u00e9ellement <strong>gratuit<\/strong>, <strong>fonctionnel<\/strong>, <strong>simple<\/strong> d&rsquo;acc\u00e8s, <strong>adapt\u00e9<\/strong> \u00e0 vos besoins et <strong>s\u00e9curis\u00e9<\/strong>.<\/p>\n<p><strong>Compl\u00e9tez le, au maximum, au fur et \u00e0 mesure de vos prises en charge, et exigez des professionnels de Sant\u00e9 qu&rsquo;ils l&rsquo;alimentent, ou puissent l&rsquo;alimenter via leurs logiciels sp\u00e9cifiques.<\/strong><\/p>\n<p><strong>Il s&rsquo;agit l\u00e0 du moyen le plus s\u00fbr et efficace pour s&rsquo;assurer de la Qualit\u00e9 de votre parcours patient partout en France<\/strong> (Vous ne serez jamais cantonn\u00e9s \u00e0 une r\u00e9gion et\/ou une ville).<\/p>\n<p>Ce ne sera jamais au dernier moment, lorsque les difficult\u00e9s surgissent de mani\u00e8re impromptue, que vous pourrez constater qu&rsquo;il s&rsquo;agit du meilleur moyen de b\u00e9n\u00e9ficier rapidement des meilleurs soins.<\/p>\n<p>Ces circonstances, o\u00f9 tous ces avantages sauvent une vie, ne sont pas un mythe.<\/p>\n<p>Elles sont r\u00e9elles.<\/p>\n<p>&nbsp;<\/p>\n<p>Bien \u00e0 vous.<\/p>\n","protected":false},"excerpt":{"rendered":"<p>L&rsquo;hyperlaxie est une caract\u00e9ristique physique g\u00e9n\u00e9tique, donc plus ou moins h\u00e9r\u00e9ditaire car pouvant sauter une ou plusieurs g\u00e9n\u00e9rations et\/ou se manifester chez une personne par le simple fait de \u00ab\u00a0croisements\u00a0\u00bb d&rsquo;all\u00e8les maternels et paternels, plus rarement suite \u00e0 une ou plusieurs mutations. Les hyperlaxes sont en tr\u00e8s grande majorit\u00e9 comme nous toutes et tous. Leurs &hellip; <a href=\"https:\/\/sosi.expert\/index.php\/a-propos\/papillon-perdu-en-pensee\/lhyperlaxie-avantages-et-faiblesses-physiques\/\" class=\"more-link\">Continuer la lecture<span class=\"screen-reader-text\"> de &laquo;&nbsp;L&rsquo;hyperlaxie, avantages et faiblesses physiques&nbsp;&raquo;<\/span><\/a><\/p>\n","protected":false},"author":2,"featured_media":570,"parent":542,"menu_order":1,"comment_status":"closed","ping_status":"closed","template":"","meta":{"_uag_custom_page_level_css":"","_monsterinsights_skip_tracking":false,"_monsterinsights_sitenote_active":false,"_monsterinsights_sitenote_note":"","_monsterinsights_sitenote_category":0,"footnotes":""},"class_list":["post-571","page","type-page","status-publish","has-post-thumbnail","hentry"],"aioseo_notices":[],"uagb_featured_image_src":{"full":["https:\/\/sosi.expert\/wp-content\/uploads\/2025\/06\/Hyperlaxie.png",1920,1080,false],"thumbnail":["https:\/\/sosi.expert\/wp-content\/uploads\/2025\/06\/Hyperlaxie-150x150.png",150,150,true],"medium":["https:\/\/sosi.expert\/wp-content\/uploads\/2025\/06\/Hyperlaxie-300x169.png",300,169,true],"medium_large":["https:\/\/sosi.expert\/wp-content\/uploads\/2025\/06\/Hyperlaxie-768x432.png",768,432,true],"large":["https:\/\/sosi.expert\/wp-content\/uploads\/2025\/06\/Hyperlaxie-1024x576.png",840,473,true],"1536x1536":["https:\/\/sosi.expert\/wp-content\/uploads\/2025\/06\/Hyperlaxie-1536x864.png",1536,864,true],"2048x2048":["https:\/\/sosi.expert\/wp-content\/uploads\/2025\/06\/Hyperlaxie.png",1920,1080,false],"post-thumbnail":["https:\/\/sosi.expert\/wp-content\/uploads\/2025\/06\/Hyperlaxie-1200x675.png",1200,675,true]},"uagb_author_info":{"display_name":"Patrick Millan","author_link":"https:\/\/sosi.expert\/index.php\/author\/patrick-millan\/"},"uagb_comment_info":0,"uagb_excerpt":"L&rsquo;hyperlaxie est une caract\u00e9ristique physique g\u00e9n\u00e9tique, donc plus ou moins h\u00e9r\u00e9ditaire car pouvant sauter une ou plusieurs g\u00e9n\u00e9rations et\/ou se manifester chez une personne par le simple fait de \u00ab\u00a0croisements\u00a0\u00bb d&rsquo;all\u00e8les maternels et paternels, plus rarement suite \u00e0 une ou plusieurs mutations. Les hyperlaxes sont en tr\u00e8s grande majorit\u00e9 comme nous toutes et tous. Leurs\u2026","_links":{"self":[{"href":"https:\/\/sosi.expert\/index.php\/wp-json\/wp\/v2\/pages\/571","targetHints":{"allow":["GET"]}}],"collection":[{"href":"https:\/\/sosi.expert\/index.php\/wp-json\/wp\/v2\/pages"}],"about":[{"href":"https:\/\/sosi.expert\/index.php\/wp-json\/wp\/v2\/types\/page"}],"author":[{"embeddable":true,"href":"https:\/\/sosi.expert\/index.php\/wp-json\/wp\/v2\/users\/2"}],"replies":[{"embeddable":true,"href":"https:\/\/sosi.expert\/index.php\/wp-json\/wp\/v2\/comments?post=571"}],"version-history":[{"count":75,"href":"https:\/\/sosi.expert\/index.php\/wp-json\/wp\/v2\/pages\/571\/revisions"}],"predecessor-version":[{"id":1853,"href":"https:\/\/sosi.expert\/index.php\/wp-json\/wp\/v2\/pages\/571\/revisions\/1853"}],"up":[{"embeddable":true,"href":"https:\/\/sosi.expert\/index.php\/wp-json\/wp\/v2\/pages\/542"}],"wp:featuredmedia":[{"embeddable":true,"href":"https:\/\/sosi.expert\/index.php\/wp-json\/wp\/v2\/media\/570"}],"wp:attachment":[{"href":"https:\/\/sosi.expert\/index.php\/wp-json\/wp\/v2\/media?parent=571"}],"curies":[{"name":"wp","href":"https:\/\/api.w.org\/{rel}","templated":true}]}}