{"id":891,"date":"2025-10-19T10:46:03","date_gmt":"2025-10-19T08:46:03","guid":{"rendered":"https:\/\/sosi.expert\/?page_id=891"},"modified":"2026-01-28T12:29:07","modified_gmt":"2026-01-28T11:29:07","slug":"memo-reference-sur-la-discrimination-au-travail","status":"publish","type":"page","link":"https:\/\/sosi.expert\/index.php\/a-propos\/supports-pedagogiques\/memo-reference-sur-la-discrimination-au-travail\/","title":{"rendered":"M\u00e9mo r\u00e9f\u00e9rence sur la discrimination au Travail"},"content":{"rendered":"<p>Pour rappel, la <strong>discrimination<\/strong> consiste \u00e0 traiter une personne <strong>diff\u00e9remment<\/strong> en raison de ses caract\u00e9ristiques personnelles <strong>ET<\/strong> l&#8217;emp\u00eacher d&rsquo;exercer ses droits.<\/p>\n<p>Traiter une personne diff\u00e9remment, c&rsquo;est la distinguer, l&rsquo;exclure ou la pr\u00e9f\u00e9rer en raison de ses caract\u00e9ristiques personnelles.<\/p>\n<p>Nous pouvons distinguer 3 types de discrimination:<\/p>\n<p><strong>1 &#8211; Directe<\/strong><\/p>\n<p>La discrimination directe constitue la forme la plus rudimentaire et la plus flagrante de discrimination.<\/p>\n<p>Elle a cours \u00ab lorsqu\u2019une personne est soumise \u00e0 un traitement diff\u00e9rent reposant sur un motif de discrimination prohib\u00e9, et ce, de fa\u00e7on ouverte et avou\u00e9e \u00bb.<\/p>\n<p>Bien souvent, il y a intention de discriminer un individu ou un groupe d\u2019individus en raison de caract\u00e9ristiques de groupes, r\u00e9elles ou pr\u00e9sum\u00e9es.<\/p>\n<p>Cela \u00e9tant, il n\u2019est pas n\u00e9cessaire de d\u00e9montrer l\u2019intention pour conclure qu\u2019il y a discrimination.<\/p>\n<p><strong>2 &#8211; Indirecte<\/strong> (discrimination par suite d\u2019un effet pr\u00e9judiciable)<\/p>\n<p>La discrimination par suite d\u2019un effet pr\u00e9judiciable constitue une forme beaucoup plus subtile de discrimination que la discrimination directe.<\/p>\n<p>Elle se produit g\u00e9n\u00e9ralement sans intention de discrimination.<\/p>\n<p>La situation discriminatoire d\u00e9coule plut\u00f4t de l\u2019application uniforme d\u2019une norme, d\u2019une politique, d\u2019une r\u00e8gle ou d\u2019une pratique, neutre \u00e0 premi\u00e8re vue, ayant n\u00e9anmoins un effet discriminatoire aupr\u00e8s d\u2019un individu ou d\u2019une cat\u00e9gorie d\u2019individus en leur imposant des obligations, des peines ou des conditions restrictives non impos\u00e9es \u00e0 autrui.<\/p>\n<p>Des normes ou pratiques peuvent donc avoir un effet discriminatoire, \u00ab m\u00eame si cet effet n\u2019a pas \u00e9t\u00e9 voulu ni pr\u00e9vu. \u00bb.<\/p>\n<p>Ainsi, un d\u00e9cideur peut avoir agi de bonne foi, sans intention de discriminer, et \u00eatre \u00e0 l&rsquo;origine d\u2019une situation de discrimination.<\/p>\n<p>Il doit alors \u00e9valuer la possibilit\u00e9 de d\u00e9roger \u00e0 la norme ou bien \u00e0 la pratique afin de pr\u00e9munir la ou les victimes du pr\u00e9judice subi.<\/p>\n<p>En d\u2019autres termes, il doit tenter de mettre en place une mesure d\u2019accommodement qui neutralisera l\u2019effet discriminatoire.<\/p>\n<p><strong>3 &#8211; Syst\u00e9mique<\/strong><\/p>\n<p>La discrimination syst\u00e9mique se comprend comme la somme d&rsquo;effets d&rsquo;exclusion disproportionn\u00e9s qui r\u00e9sultent de l&rsquo;effet conjugu\u00e9 d&rsquo;attitudes empreintes de pr\u00e9jug\u00e9s et de st\u00e9r\u00e9otypes, souvent inconscients, et de politiques et pratiques g\u00e9n\u00e9ralement adopt\u00e9es sans tenir compte des caract\u00e9ristiques des membres de groupes vis\u00e9s par l&rsquo;interdiction de la discrimination.<\/p>\n<p>La discrimination syst\u00e9mique a bien souvent des effets durables sur un groupe identifiable d\u2019individus en raison d\u2019une caract\u00e9ristique comme le sexe, l\u2019\u00e2ge, la couleur de la peau, le handicap &#8230; etc &#8230;<\/p>\n<p>Dans le syst\u00e8me d\u2019emploi, cette forme de discrimination peut entre autres se traduire par des perspectives d\u2019embauche et d\u2019avancement disproportionnellement d\u00e9savantageuses notamment pour les femmes, les Autochtones, les minorit\u00e9s ethniques, les minorit\u00e9s visibles et les personnes handicap\u00e9es.<\/p>\n<p><strong>R\u00e9f\u00e9rence :<\/strong> <a title=\"Commission des droits de la personne et des droits de la jeunesse\" href=\"https:\/\/www.cdpdj.qc.ca\/fr\/formation\/accommodement\/Pages\/html\/formes-discrimination.html\" target=\"_blank\" rel=\"noopener\" class=\"canard\">Nos cousins de la belle province<\/a> \ud83c\udf41\ud83c\udde8\ud83c\udde6<\/p>\n<figure id=\"attachment_892\" aria-describedby=\"caption-attachment-892\" style=\"width: 200px\" class=\"wp-caption aligncenter\"><a href=\"https:\/\/www.cdpdj.qc.ca\/fr\/formation\/accommodement\/Pages\/html\/formes-discrimination.html\"><img loading=\"lazy\" decoding=\"async\" class=\"wp-image-892 size-full\" src=\"https:\/\/sosi.expert\/wp-content\/uploads\/2025\/10\/Commission-des-droits-de-la-personne-et-des-droits-de-la-jeunesse.png\" alt=\"Commission des droits de la personne et des droits de la jeunesse\" width=\"200\" height=\"72\" \/><\/a><figcaption id=\"caption-attachment-892\" class=\"wp-caption-text\">Commission des droits de la personne et des droits de la jeunesse &#8211; Qu\u00e9bec<\/figcaption><\/figure>\n<p>En <strong>France \ud83c\uddeb\ud83c\uddf7<\/strong>, nous pouvons nous r\u00e9f\u00e9rer au <a title=\"L\u00e9giFrance\" href=\"https:\/\/www.legifrance.gouv.fr\/\" target=\"_blank\" rel=\"noopener\" class=\"loi\">site Internet L\u00e9giFrance<\/a>.<\/p>\n<p>La lutte contre les discriminations au Travail est encadr\u00e9e par le <a title=\"Code du Travail\" href=\"https:\/\/www.legifrance.gouv.fr\/codes\/section_lc\/LEGITEXT000006072050\/LEGISCTA000006160704\/\" target=\"_blank\" rel=\"noopener\" class=\"loi\">Code du Travail<\/a>.<\/p>\n<p>Le service public b\u00e9n\u00e9ficie \u00e9galement d\u2019un compl\u00e9ment via le <a title=\"Service Public\" href=\"https:\/\/www.service-public.gouv.fr\/particuliers\/vosdroits\/F1642\" target=\"_blank\" rel=\"noopener\" class=\"loi\">site Internet Service Public<\/a>.<\/p>\n<p>Nous pouvons \u00e9voquer, en particulier, le texte de <a title=\"loi n\u00b02012-347 du 12 mars 2012\" href=\"https:\/\/www.legifrance.gouv.fr\/loda\/id\/JORFTEXT000025489865\" target=\"_blank\" rel=\"noopener\" class=\"loi\">loi n\u00b02012-347 du 12 mars 2012<\/a> relatif \u00e0 l&rsquo;acc\u00e8s \u00e0 l&#8217;emploi en tant que titulaire et \u00e0 l&rsquo;am\u00e9lioration des conditions d&#8217;emploi des agents contractuels dans la fonction publique, \u00e0 la lutte contre les discriminations.<\/p>\n<p>Ce texte est compl\u00e9t\u00e9 dans le cas des structures proches ou assimil\u00e9es public, par le <a title=\"d\u00e9cret n\u00b02013-292 du 5 avril 2013\" href=\"https:\/\/www.legifrance.gouv.fr\/loda\/id\/JORFTEXT000027276756\" target=\"_blank\" rel=\"noopener\" class=\"loi\">d\u00e9cret n\u00b02013-292 du 5 avril 2013<\/a> relatif au r\u00e9gime de droit public applicable au personnel des groupements d&rsquo;int\u00e9r\u00eat public.<\/p>\n<p>En cas de litige, la convention constitutive de ces \u00e9tablissements pr\u00e9cise toujours le Minist\u00e8re de rattachement auquel se r\u00e9f\u00e9rer pour faire appel \u00e0 un <a title=\"Inspection du Travail\" href=\"https:\/\/travail-emploi.gouv.fr\/contacter-linspection-du-travail-ou-repondre-vos-questions-sur-le-droit-du-travail\" target=\"_blank\" rel=\"noopener\" class=\"loi\">Inspecteur du Travail<\/a> pour une \u00e9ventuelle enqu\u00eate.<br \/>\nTout inspecteur d\u00e9pend du <a title=\"Minist\u00e8re du Travail\" href=\"https:\/\/travail-emploi.gouv.fr\/\" target=\"_blank\" rel=\"noopener\" class=\"loi\">Minist\u00e8re du Travail<\/a> via simplement l\u2019<a title=\"Inspection du Travail\" href=\"https:\/\/travail-emploi.gouv.fr\/contacter-linspection-du-travail-ou-repondre-vos-questions-sur-le-droit-du-travail\" target=\"_blank\" rel=\"noopener\" class=\"loi\">Inspection du Travail<\/a> comme \u00e9voqu\u00e9, ou autre, par exemple, l\u2019<a title=\"Inspection G\u00e9n\u00e9rale des Affaires Sociales - IGAS\" href=\"https:\/\/www.igas.gouv.fr\/\" target=\"_blank\" rel=\"noopener\" class=\"loi\">Inspection G\u00e9n\u00e9rale des Affaires Sociales &#8211; IGAS<\/a>.<\/p>\n<p>La discrimination \u00e0 l\u2019embauche fait aussi l\u2019objet d\u2019un d\u00e9veloppement particulier toujours via le <a title=\"travail-emploi.gouv.fr\" href=\"https:\/\/travail-emploi.gouv.fr\/discriminations-lembauche-de-quoi-parle-t\" target=\"_blank\" rel=\"noopener\" class=\"loi\">site Internet du Minist\u00e8re du Travail<\/a>.<\/p>\n<p>\ud83d\ude4f\ud83c\udffd \u00e0 <a title=\"Beetween\" href=\"https:\/\/beetween.fr\/\" target=\"_blank\" rel=\"noopener\" class=\"canard\">Beetween<\/a> pour l&rsquo;illustration de cette page.<\/p>\n<figure id=\"attachment_893\" aria-describedby=\"caption-attachment-893\" style=\"width: 200px\" class=\"wp-caption aligncenter\"><a href=\"https:\/\/beetween.fr\/\"><img loading=\"lazy\" decoding=\"async\" src=\"https:\/\/sosi.expert\/wp-content\/uploads\/2025\/12\/Beetween.png\" alt=\"Beetween\" width=\"200\" height=\"104\" \/><\/a><figcaption id=\"caption-attachment-893\" class=\"wp-caption-text\">Logiciel de Recrutement<\/figcaption><\/figure>\n","protected":false},"excerpt":{"rendered":"<p>Pour rappel, la discrimination consiste \u00e0 traiter une personne diff\u00e9remment en raison de ses caract\u00e9ristiques personnelles ET l&#8217;emp\u00eacher d&rsquo;exercer ses droits. Traiter une personne diff\u00e9remment, c&rsquo;est la distinguer, l&rsquo;exclure ou la pr\u00e9f\u00e9rer en raison de ses caract\u00e9ristiques personnelles. Nous pouvons distinguer 3 types de discrimination: 1 &#8211; Directe La discrimination directe constitue la forme la &hellip; <a href=\"https:\/\/sosi.expert\/index.php\/a-propos\/supports-pedagogiques\/memo-reference-sur-la-discrimination-au-travail\/\" class=\"more-link\">Continuer la lecture<span class=\"screen-reader-text\"> de &laquo;&nbsp;M\u00e9mo r\u00e9f\u00e9rence sur la discrimination au Travail&nbsp;&raquo;<\/span><\/a><\/p>\n","protected":false},"author":2,"featured_media":894,"parent":914,"menu_order":3,"comment_status":"closed","ping_status":"closed","template":"","meta":{"_uag_custom_page_level_css":"","_monsterinsights_skip_tracking":false,"_monsterinsights_sitenote_active":false,"_monsterinsights_sitenote_note":"","_monsterinsights_sitenote_category":0,"footnotes":""},"class_list":["post-891","page","type-page","status-publish","has-post-thumbnail","hentry"],"aioseo_notices":[],"uagb_featured_image_src":{"full":["https:\/\/sosi.expert\/wp-content\/uploads\/2025\/10\/25-Criteres-de-Discrimination.jpg",1536,1150,false],"thumbnail":["https:\/\/sosi.expert\/wp-content\/uploads\/2025\/10\/25-Criteres-de-Discrimination-150x150.jpg",150,150,true],"medium":["https:\/\/sosi.expert\/wp-content\/uploads\/2025\/10\/25-Criteres-de-Discrimination-300x225.jpg",300,225,true],"medium_large":["https:\/\/sosi.expert\/wp-content\/uploads\/2025\/10\/25-Criteres-de-Discrimination-768x575.jpg",768,575,true],"large":["https:\/\/sosi.expert\/wp-content\/uploads\/2025\/10\/25-Criteres-de-Discrimination-1024x767.jpg",840,629,true],"1536x1536":["https:\/\/sosi.expert\/wp-content\/uploads\/2025\/10\/25-Criteres-de-Discrimination.jpg",1536,1150,false],"2048x2048":["https:\/\/sosi.expert\/wp-content\/uploads\/2025\/10\/25-Criteres-de-Discrimination.jpg",1536,1150,false],"post-thumbnail":["https:\/\/sosi.expert\/wp-content\/uploads\/2025\/10\/25-Criteres-de-Discrimination-1200x898.jpg",1200,898,true]},"uagb_author_info":{"display_name":"Patrick Millan","author_link":"https:\/\/sosi.expert\/index.php\/author\/patrick-millan\/"},"uagb_comment_info":0,"uagb_excerpt":"Pour rappel, la discrimination consiste \u00e0 traiter une personne diff\u00e9remment en raison de ses caract\u00e9ristiques personnelles ET l&#8217;emp\u00eacher d&rsquo;exercer ses droits. Traiter une personne diff\u00e9remment, c&rsquo;est la distinguer, l&rsquo;exclure ou la pr\u00e9f\u00e9rer en raison de ses caract\u00e9ristiques personnelles. Nous pouvons distinguer 3 types de discrimination: 1 &#8211; Directe La discrimination directe constitue la forme la\u2026","_links":{"self":[{"href":"https:\/\/sosi.expert\/index.php\/wp-json\/wp\/v2\/pages\/891","targetHints":{"allow":["GET"]}}],"collection":[{"href":"https:\/\/sosi.expert\/index.php\/wp-json\/wp\/v2\/pages"}],"about":[{"href":"https:\/\/sosi.expert\/index.php\/wp-json\/wp\/v2\/types\/page"}],"author":[{"embeddable":true,"href":"https:\/\/sosi.expert\/index.php\/wp-json\/wp\/v2\/users\/2"}],"replies":[{"embeddable":true,"href":"https:\/\/sosi.expert\/index.php\/wp-json\/wp\/v2\/comments?post=891"}],"version-history":[{"count":13,"href":"https:\/\/sosi.expert\/index.php\/wp-json\/wp\/v2\/pages\/891\/revisions"}],"predecessor-version":[{"id":1865,"href":"https:\/\/sosi.expert\/index.php\/wp-json\/wp\/v2\/pages\/891\/revisions\/1865"}],"up":[{"embeddable":true,"href":"https:\/\/sosi.expert\/index.php\/wp-json\/wp\/v2\/pages\/914"}],"wp:featuredmedia":[{"embeddable":true,"href":"https:\/\/sosi.expert\/index.php\/wp-json\/wp\/v2\/media\/894"}],"wp:attachment":[{"href":"https:\/\/sosi.expert\/index.php\/wp-json\/wp\/v2\/media?parent=891"}],"curies":[{"name":"wp","href":"https:\/\/api.w.org\/{rel}","templated":true}]}}