{"id":914,"date":"2025-11-14T11:28:12","date_gmt":"2025-11-14T10:28:12","guid":{"rendered":"https:\/\/sosi.expert\/?page_id=914"},"modified":"2025-12-21T12:32:50","modified_gmt":"2025-12-21T11:32:50","slug":"supports-pedagogiques","status":"publish","type":"page","link":"https:\/\/sosi.expert\/index.php\/a-propos\/supports-pedagogiques\/","title":{"rendered":"Supports p\u00e9dagogiques"},"content":{"rendered":"<div style=\"text-align:center;\">\n<figure class=\"wp-block-image is-style-rounded\">\n<img loading=\"lazy\" decoding=\"async\" src=\"https:\/\/sosi.expert\/wp-content\/uploads\/2025\/11\/Anes-communs-scaled.jpeg\" alt=\"3 \u00c2nes communs\" width=\"2560\" height=\"1920\" \/><figcaption style=\"text-align:center;\"><a href=\"https:\/\/sosi.expert\/wp-content\/uploads\/2025\/11\/Anes-communs-scaled.jpeg\" target=\"_blank\" class=\"sosi\">3 \u00e2nes communs (Equus asinus) &#8211; Juin 2025<\/a><\/figcaption><\/figure>\n<\/div>\n<ol>\n<li><a class=\"sosi\" title=\"Publications\" href=\"https:\/\/sosi.expert\/index.php\/a-propos\/publications\/\" target=\"_blank\" rel=\"noopener\">Publications<\/a><\/li>\n<li><a class=\"sosi\" title=\"Urbanisation &amp; Interop\u00e9rabilit\u00e9\" href=\"https:\/\/sosi.expert\/index.php\/a-propos\/urbanisation-interoperabilite\/\" target=\"_blank\" rel=\"noopener\">Urbanisation &amp; Interop\u00e9rabilit\u00e9<\/a><\/li>\n<li><a class=\"sosi\" title=\"M\u00e9mo r\u00e9f\u00e9rence sur la discrimination au Travail\" href=\"https:\/\/sosi.expert\/index.php\/a-propos\/support-pedagogique\/memo-reference-sur-la-discrimination-au-travail\/\" target=\"_blank\" rel=\"noopener\">M\u00e9mo r\u00e9f\u00e9rence sur la discrimination au Travail<\/a><\/li>\n<\/ol>\n","protected":false},"excerpt":{"rendered":"<p>3 \u00e2nes communs (Equus asinus) &#8211; Juin 2025 Publications Urbanisation &amp; Interop\u00e9rabilit\u00e9 M\u00e9mo r\u00e9f\u00e9rence sur la discrimination au Travail<\/p>\n","protected":false},"author":2,"featured_media":80,"parent":31,"menu_order":4,"comment_status":"closed","ping_status":"closed","template":"","meta":{"_uag_custom_page_level_css":"","_monsterinsights_skip_tracking":false,"_monsterinsights_sitenote_active":false,"_monsterinsights_sitenote_note":"","_monsterinsights_sitenote_category":0,"footnotes":""},"class_list":["post-914","page","type-page","status-publish","has-post-thumbnail","hentry"],"aioseo_notices":[],"uagb_featured_image_src":{"full":["https:\/\/sosi.expert\/wp-content\/uploads\/2025\/04\/cropped-Entete_SOSi.png",1200,355,false],"thumbnail":["https:\/\/sosi.expert\/wp-content\/uploads\/2025\/04\/cropped-Entete_SOSi-150x150.png",150,150,true],"medium":["https:\/\/sosi.expert\/wp-content\/uploads\/2025\/04\/cropped-Entete_SOSi-300x89.png",300,89,true],"medium_large":["https:\/\/sosi.expert\/wp-content\/uploads\/2025\/04\/cropped-Entete_SOSi-768x227.png",768,227,true],"large":["https:\/\/sosi.expert\/wp-content\/uploads\/2025\/04\/cropped-Entete_SOSi-1024x303.png",840,249,true],"1536x1536":["https:\/\/sosi.expert\/wp-content\/uploads\/2025\/04\/cropped-Entete_SOSi.png",1200,355,false],"2048x2048":["https:\/\/sosi.expert\/wp-content\/uploads\/2025\/04\/cropped-Entete_SOSi.png",1200,355,false],"post-thumbnail":["https:\/\/sosi.expert\/wp-content\/uploads\/2025\/04\/cropped-Entete_SOSi.png",1200,355,false]},"uagb_author_info":{"display_name":"Patrick Millan","author_link":"https:\/\/sosi.expert\/index.php\/author\/patrick-millan\/"},"uagb_comment_info":0,"uagb_excerpt":"3 \u00e2nes communs (Equus asinus) &#8211; Juin 2025 Publications Urbanisation &amp; Interop\u00e9rabilit\u00e9 M\u00e9mo r\u00e9f\u00e9rence sur la discrimination au Travail","_links":{"self":[{"href":"https:\/\/sosi.expert\/index.php\/wp-json\/wp\/v2\/pages\/914","targetHints":{"allow":["GET"]}}],"collection":[{"href":"https:\/\/sosi.expert\/index.php\/wp-json\/wp\/v2\/pages"}],"about":[{"href":"https:\/\/sosi.expert\/index.php\/wp-json\/wp\/v2\/types\/page"}],"author":[{"embeddable":true,"href":"https:\/\/sosi.expert\/index.php\/wp-json\/wp\/v2\/users\/2"}],"replies":[{"embeddable":true,"href":"https:\/\/sosi.expert\/index.php\/wp-json\/wp\/v2\/comments?post=914"}],"version-history":[{"count":20,"href":"https:\/\/sosi.expert\/index.php\/wp-json\/wp\/v2\/pages\/914\/revisions"}],"predecessor-version":[{"id":1668,"href":"https:\/\/sosi.expert\/index.php\/wp-json\/wp\/v2\/pages\/914\/revisions\/1668"}],"up":[{"embeddable":true,"href":"https:\/\/sosi.expert\/index.php\/wp-json\/wp\/v2\/pages\/31"}],"wp:featuredmedia":[{"embeddable":true,"href":"https:\/\/sosi.expert\/index.php\/wp-json\/wp\/v2\/media\/80"}],"wp:attachment":[{"href":"https:\/\/sosi.expert\/index.php\/wp-json\/wp\/v2\/media?parent=914"}],"curies":[{"name":"wp","href":"https:\/\/api.w.org\/{rel}","templated":true}]}}